 + c = -2848, y*a + 2*c = 1912. Is a composite?
True
Let z be (-13 + 4/4)*(-8)/16. Is ((-18)/(-2))/(-3)*(-206)/z prime?
True
Is (-115 + -31)/((-20)/11090) composite?
True
Let j(o) = -54*o**2 + 71*o + 3. Let r be j(16). Let m = r + 21339. Is m a composite number?
True
Let i = 13 - 7. Let d be 6 + ((-2 + i)/4)/1. Let j(p) = p**2 + 3*p + 7. Is j(d) a prime number?
False
Suppose -1858*l = -1873*l + 15621510. Is l prime?
False
Suppose 2*g = -5*z + 1036, 3*g + 5*z = 2*g + 523. Let q = -787 - -465. Let c = g + q. Is c a composite number?
False
Is 80612 - ((-2)/5 - (-441)/315) composite?
False
Let x(b) be the first derivative of 5*b**3/3 + 3*b**2/2 - 21*b + 6. Suppose -32*n = -29*n + 30. Is x(n) prime?
True
Let w = -753 - -2176. Is w a composite number?
False
Let a(s) = -s - 10. Let r be a(-7). Let x be (-2)/r - 18683/21. Let m = x - -1408. Is m a composite number?
True
Is ((-2003680)/(-14) - -44) + (-5 - 0) a composite number?
False
Let v = -340 + 1903. Is v a composite number?
True
Let h = 20824 - 14471. Is h a prime number?
True
Suppose -l = -q - 8*q - 225824, l - 225769 = -2*q. Is l a composite number?
False
Suppose 2*o - k - 621 = 1168, 0 = -o + 5*k + 917. Let n(s) = -s - 18. Let z be n(-21). Suppose z*a - o = -a. Is a a composite number?
False
Suppose 0 = -45*y + 41*y + 4*l + 3291812, -2*y - 5*l + 1645878 = 0. Is y a composite number?
False
Let j = -217 - -232. Suppose -48590 = -j*q - 15125. Is q prime?
False
Let y(q) = q**3 - 2*q + 2. Let g be 6/(-3) - 6/(12/(-4)). Let l be y(g). Suppose 4*v + 3*z = 475, l*z - 117 = -v + 3*z. Is v a prime number?
False
Let b = 136 + -525. Suppose 3720 = -5*n - 3*g + g, -3*n - g = 2231. Let w = b - n. Is w prime?
True
Let w = 4365 + -2570. Let o = 4128 - w. Is o a prime number?
True
Suppose -2*g - 2405 = -3*l, -11*g - 2407 = -3*l - 10*g. Suppose -l = -6*h + 4999. Is h prime?
True
Let m be (-16)/32*4366*-2. Let u = m - 1835. Is u a composite number?
False
Suppose 3*y - 19273 = -y + 102523. Is y a composite number?
False
Let x = 479 + -477. Is x*(-6478)/4*-1 composite?
True
Let r(q) = -20508*q - 13. Suppose 0 = 2*x + 4*a + 18, -x + 4*a = -9 - 6. Is r(x) a composite number?
True
Let l(i) = -17*i**3 - 45*i**2 - i - 16. Let b = 286 + -295. Is l(b) a composite number?
False
Let y(z) = -2*z**3 - 71*z**2 - 37*z - 70. Let l be y(-35). Let k be (-7)/(-1) + (1 - 2). Suppose -k*w + w + 18185 = l. Is w composite?
False
Suppose r + 9*c = 6*c + 15407, 61684 = 4*r - 2*c. Is r a prime number?
False
Let i = -801 + 805. Suppose -2*o - 33136 = -i*b + 2*o, 4*b - 33163 = -5*o. Is b a prime number?
True
Let h be 1/(5/10) + 24. Let j = h + -21. Is 25/j - 2 - -1556 a composite number?
False
Let h(a) = a**3 - 2*a + 7. Let u be h(0). Suppose 6*f - 2*f = 3*t + u, 2*t = -4*f - 18. Is f*((1 - 0) + -1062) composite?
True
Let x(b) = -11*b - 2. Let w = 24 + 45. Suppose 5*t = -w - 16. Is x(t) a composite number?
True
Let p(r) = 15102*r**2 - 28*r - 51. Is p(-2) prime?
True
Let f(u) = u**3 + 2*u**2 + u + 2. Let m be f(-2). Suppose m = 4*a - a - 948. Suppose -3*g = -4*w - 383, -4*g - w + 852 = a. Is g composite?
True
Let q = -2294 + 4294. Let w = q + -687. Is w prime?
False
Let a(n) = 419*n**3 - 3*n**2 - 4*n - 2. Let x be a(-1). Let y = 2207 - x. Is y prime?
False
Suppose -3*j + 12 = -12. Suppose j*n - 403 - 869 = 0. Is n prime?
False
Let b(l) be the third derivative of 611*l**4/24 + 151*l**3/6 - 2*l**2 - 52*l. Is b(8) prime?
True
Suppose -630*u + 629*u = 2*o - 62878, 0 = -3*o - 2*u + 94317. Is o prime?
False
Let g be 222/(-14) + 7/(-49). Let m(i) = 14*i**2 + 20*i + 31. Is m(g) prime?
False
Let g(q) be the second derivative of 2919*q**5/20 - q**4/12 - q**3/2 + q**2/2 + 12*q. Let w be g(2). Suppose w = 12*t + 5691. Is t a composite number?
False
Let n(l) = 1558*l**2 - 20*l - 4. Let y be n(-6). Suppose -191*k = -187*k - y. Is k a composite number?
False
Suppose 5*w - 58771 - 76383 = 76011. Is w prime?
False
Let s(y) = -y**3 + 10*y**2 + 6*y + 4. Let w(m) = 4*m**3 - 40*m**2 - 23*m - 17. Let n = 55 + -46. Let r(l) = n*s(l) + 2*w(l). Is r(10) a composite number?
True
Suppose 7*h + 16465299 = 58*h. Is h a composite number?
False
Let w = -27061 + 50204. Is w a prime number?
True
Let o(h) = -134*h - 3. Let i(a) = -a. Let u(k) = -3*i(k) + o(k). Let r = -630 + 626. Is u(r) composite?
False
Suppose -8*a + 728 = -6*a. Suppose a = 5*o - 7341. Suppose -2*z + o = -z. Is z a composite number?
True
Let v = 292952 + -125574. Is v composite?
True
Let w be (2016/(-180))/((-1)/95). Suppose -1068*b + 486548 = -w*b. Is b prime?
True
Is (132 + -131)*(-2 - -3)*296627 composite?
False
Suppose 13*k = 12*k - t - 7666, -t - 15336 = 2*k. Let j = 12343 + k. Is j a composite number?
False
Suppose 6631*s - 6652*s = -9606849. Is s prime?
True
Suppose 18*l - 14*l + 8 = 0, 155861 = 5*t + 2*l. Is t a prime number?
False
Let p be (300/(-675))/((-1)/9). Suppose -5*y - l = -58087, 2*y + p*l - 20770 - 2472 = 0. Is y a composite number?
False
Suppose -17*i - 603 = -14*i. Let a = i - -1858. Is a a prime number?
True
Suppose 0 = -2*j + 4*k - 70, -3*k - 203 = 5*j + k. Let o = j - -42. Suppose 0 = -z - 1 - 0, o*c - 3*z - 564 = 0. Is c a prime number?
False
Suppose 59 = -12*f - 241. Is (-9792)/(-7) - f/175 composite?
False
Suppose 15*m - 60*m = -28*m. Suppose -4 = -b + 2*s + 5, 4*s - 15 = -b. Suppose -12*z + b*z + 82 = m. Is z a composite number?
True
Suppose -4*y - 3*a + 5 + 15 = 0, -a = -4*y + 4. Let s(x) = 160*x**3 - 5*x**2 + 40*x + 3*x**y - 39*x - 1. Is s(2) a composite number?
True
Suppose -31*d + 14933122 = 63*d. Is d composite?
False
Let c(h) = -8*h**2 + 24*h + 31 + 4*h**3 - h - 12*h - 9*h. Is c(9) a prime number?
False
Suppose -3*v - 13*v + 1499040 = -3135376. Is v a prime number?
False
Let f(y) = 63*y**2 - 18*y + 53. Is f(16) prime?
False
Let b = 758 + -450. Suppose 6*c = 64 + b. Suppose 0 = 3*h - 5*h + c. Is h composite?
False
Let c = -105252 - -866293. Is c composite?
True
Let k = 230521 + 64102. Is k composite?
True
Let z be (-2)/5*40/(-8). Is 3160 - z - 0 - (-1 + -4) a prime number?
True
Let t(m) be the first derivative of 4 + 7 - m + 74*m**3 - 2 + 2*m. Is t(1) a prime number?
True
Let q(p) = p + 10. Let g be q(-10). Suppose -18 = -3*v - g*v. Is 5/(150/655)*v prime?
True
Suppose 0 = 4*p - z - 21554318, -p = -37*z + 41*z - 5388605. Is p a composite number?
True
Let w(k) be the first derivative of 7*k**2 - 14*k - 11. Let r be w(13). Suppose 0*l + r = l - c, c = 5*l - 820. Is l a prime number?
True
Let g(l) = 93*l**2 - 64*l + 282. Is g(7) prime?
True
Let p = 155 + -152. Suppose -4*n - 8661 = -p*a + 9718, 2*n = 3*a - 18371. Is a a composite number?
False
Let u = -6512 - -15331. Is u a prime number?
True
Is (3 + (-30)/8)*4*-1 + 14450 a prime number?
False
Let g be (-3)/(-2)*(-20)/(-6). Let q be 4104/(-48)*(-52)/9. Suppose -5*c - 5*n + 1355 = -1025, q = c - g*n. Is c a prime number?
True
Suppose -52 = 26*p - 30*p. Is 11596/p - (10/2)/1 a prime number?
True
Let w(a) = -a**2 + 1. Let g(p) = 20*p**3 - 4*p**2 + 2*p - 4. Let i(u) = -g(u) + 5*w(u). Let h be i(-3). Let f = 935 - h. Is f a prime number?
True
Let r = -191 + 203. Is (-14)/(-21) + 23884/r a prime number?
False
Let o be (-1 - (-3)/(-6))*(-8545 + -1). Suppose 0*d - 7695 = -3*i + 3*d, 0 = 5*i - 2*d - o. Is i composite?
True
Suppose 12*t = 18*t - 3126. Let i = t + 1560. Is i a prime number?
True
Suppose -3*m - 2*m = 4*y + 26735, 3*y + 5*m + 20055 = 0. Is (76/(-10))/(16/y) a prime number?
False
Let s be -12 + 5 + 63796 + 3. Suppose -3*l = 3*k - 8*l - s, -2*k + 42526 = -4*l. Is k prime?
True
Suppose -11621187 + 8488660 = -103*b + 32886264. Is b a prime number?
True
Suppose -216480 = -17*k + 11*k. Let m = -19897 + k. Is m a prime number?
True
Let p = 120 - 129. Let i be (-3)/p*15 + 12506. Suppose 0 = 5*s - 4*o - i, 2*s - 3*o = -2*o + 5005. Is s composite?
False
Is (-17)/(-1 - 33) + (-4887579)/(-6) a prime number?
False
Suppose -160*d + 19926688 = 1904355 - 817827. Is d a composite number?
False
Let t = -8836 - -11697. Is t a composite number?
False
Let u(w) = 2*w**2 + w + 2. Let h be u(1). Suppose -2*p + g + 228 = 0, h*p - 95 = -3*g + 486. Is p composite?
True
Let r be 2/8 - 161/(-28). Is (-6)/(-9)*(r - (-5529)/2) prime?
True
Let g = -63 - -65. Suppose 0 = g*b - 4*h - 17638 - 21488, -19578 = -b + 5*h. Is b a prime number?
True
Let s(f